 2*r + 1. Determine x(q).
-12
Let p(g) = -6*g - 1. Let j(v) = -130*v + 2 + 55*v + 48*v + 47*v. Let i(u) = 4*j(u) + 14*p(u). Give i(-5).
14
Let q(z) = -11*z + 8 + 5*z + 5*z - 21. Suppose 360 = 59*y - 131*y. What is q(y)?
-8
Let b(d) = -d**2 - 1 - 2*d + 0*d**2 + 0 + 3*d. Let v(z) = z**3 + 10*z**2 - 5*z + 7. Let s(t) = -6*b(t) - v(t). Let k be (-2*6/16)/(2/8). Give s(k).
-7
Let y be (7 - 7)/(5 - (7 + -4)). Let j(t) = t + 5. Determine j(y).
5
Let m = -56363 - -56366. Let v(j) = -j**3 + 0 + j**2 - 1 - j + 0*j**2. Determine v(m).
-22
Let z(a) = a**3 + 19*a**2 + 20*a + 40. Let l be z(-18). Suppose -l*s + 2*x = -8*s - 32, -4*s + 2*x - 16 = 0. Let k(q) = -q**2 - 4*q + 3. Determine k(s).
-9
Let b(i) = -i - 46. Let f(l) = 20. Let m(g) = -4*b(g) - 10*f(g). Determine m(6).
8
Let u be (-3)/3*(5 - 7). Let h(n) = 39*n**2 + 11*n - u - 38*n**2 + 8 - 4*n. Determine h(-5).
-4
Let c = 3 - -8. Let d(g) be the first derivative of g**4/4 - 11*g**3/3 - g**2/2 + 16*g - 1638. Determine d(c).
5
Suppose 0 = -5*j - j - 12. Let a = 4 + 13. Let i(u) = -18*u - a*u + 33*u + 1. Give i(j).
5
Let v(d) = -d + 3. Let h(g) = -g**3 - 7*g**2 + 10*g - 14. Let i be h(-8). Let s = -30 - i. Suppose s = -7*x + 4*x. Determine v(x).
3
Let q(l) = 3*l**2 - 4*l + 7. Let h(k) = k**2 - k + 3. Let a(v) = -13*h(v) + 4*q(v). What is a(-4)?
-15
Let o(g) = g**3 + 2*g**2 + 2*g + 10. Let l = -16813 - -16813. Calculate o(l).
10
Let j(d) = 2*d - 17. Suppose -80*h - 1210 = -100*h - 101*h. Calculate j(h).
3
Let z(x) = 13*x**2 - 45*x + 27. Let a(k) = 2*k**2 - 3*k - 1. Let c(q) = 6*a(q) - z(q). What is c(26)?
-7
Let t = 3 + -4. Let k be t/5 + 6/5. Let p(y) = -38*y + 29. Let f(m) = -32*m + 25. Let g(u) = -7*f(u) + 6*p(u). What is g(k)?
-5
Let m(v) = 14*v - 4*v**3 - 21*v**2 + 230 + 3*v**3 + 11*v**2 - 208. Give m(-11).
-11
Let p(t) = t**3 - t**2 - 3. Let q = 22 - 22. Suppose 5*k + 0*k - 2*n + 8 = q, 4*n - 16 = -4*k. Let j be 0/((-1)/(-2)*(k + -2)). Give p(j).
-3
Let k(v) = v**2 + 7*v + 1. Suppose -c - 5*g = -3*c + 25, c - 18 = -3*g. Suppose -c*b = -12*b + 24. Calculate k(b).
9
Let q(z) = 21 + 8829*z**2 + 8*z + 15 + 8831*z**2 - 17661*z**2. What is q(10)?
16
Let q(y) = 19*y**2 - 1. Let o(v) = v**3 + 2*v**2 - 15*v - 12. Let a be o(-7). Let l = -150 - a. Let w(h) = h**3 - h**2 - h - 1. Let d be w(l). Determine q(d).
18
Let z(h) = -3*h**2 - 3*h - 2. Let b(v) = 13*v**2 + 13*v + 8. Let i(t) = 2*b(t) + 9*z(t). Let s(o) = -7*o**2 - 327*o - 326. Let y be s(-1). What is i(y)?
-32
Let b(g) be the second derivative of -1/2*g**2 + 27*g + 0 - 1/3*g**3 - 2/3*g**4. Give b(-1).
-7
Let w = 19593 + -19588. Let h(x) = -x**3 + 3*x**2 - 4*x - 1. Give h(w).
-71
Let h(g) = -19 - 18*g - 8 + g**2 + 36 - 14 - 12. What is h(17)?
-34
Suppose 0 = -0*g + 5*g, -3*q - 4*g + 1314 = 0. Let n(f) = 3*f**2 + 876 + f**3 - 438 - q. Calculate n(-4).
-16
Let v be ((-8)/2 - (9 - 70))/6 - 8. Let b(p) be the second derivative of -v*p**2 + 2/3*p**3 + 36*p + 0 + 1/12*p**4. What is b(-4)?
-3
Let c(g) = -3*g + 5 + 263*g**2 + 2 - 353*g**2 + 89*g**2. Calculate c(4).
-21
Let o(p) = p**3 + 15*p**2 - 6*p - 26. Let h be o(-15). Let u = h - 8. Let g = 58 - u. Let x(j) = -7*j. Calculate x(g).
-14
Let y(c) = -c**3 + 11*c**2 + 12*c - 3. Let x be y(12). Let b(v) be the second derivative of -v**4/12 - v**3 - v**2/2 + 230*v. Determine b(x).
8
Suppose -6*r + 0*j = 4*j + 70, 0 = -3*j + 15. Let o(f) = f + 29. Give o(r).
14
Let a(j) = -7*j - 1221 + 1230 + 4*j - j**2. Calculate a(-6).
-9
Let m(d) = d**2 - 4*d - 3. Let v(x) = -33*x - 1684. Let z be v(-51). Determine m(z).
2
Let z(c) be the first derivative of c**4/4 + 2*c**3 + 5*c**2/2 + 20939. Suppose -2*l - 9 = 1. What is z(l)?
0
Let l(k) = -3*k**2 + 16*k + 18. Suppose -w + 9 = -4*d, -3*w - 5*d + 29 - 2 = 0. Calculate l(w).
-81
Let u(n) be the third derivative of -n**5/30 - n**4/12 + 5*n**3/6 - 122*n**2 - 2. Determine u(2).
-7
Let b(p) = p**2 + 5*p + 1. Let i(l) = -3*l**3 - 10*l**2 - 7*l - 5. Let q(a) = 3*b(a) + i(a). Give q(1).
-4
Let f = -384 + 385. Suppose 7*m + n = 3*m + f, -m = 3*n - 3. Let q(y) be the third derivative of y**6/120 - y**4/24 - 5*y**3/6 - y**2. Calculate q(m).
-5
Let v(f) be the third derivative of -f**6/120 + f**5/10 - 5*f**4/24 - f**3/3 - 2*f**2. Let g(z) = 6*z**2 + 1302*z - 1303. Let i be g(1). Give v(i).
-2
Let x be -3*(-35)/(-6)*(-16)/14. Suppose 0 = -1146*u + 1136*u + x. Let y(q) be the third derivative of -q**4/6 + q**3/2 - q**2. What is y(u)?
-5
Let j(p) = -11*p - 59. Let c = -3829 + 3824. Determine j(c).
-4
Suppose 8 = h - 9. Let a = h + 35. Let n(p) = a*p + 3 - 48*p - 2. What is n(1)?
5
Let p(t) = -t**3 + t**2 + 106*t + 80. Let j be p(11). Let u(d) = -d**2 + 38*d - 36. Calculate u(j).
36
Let t = 2 - -2. Suppose -2*l - t = -8. Let u(b) = b**l - 1 - 9 + 6*b + 2. Calculate u(-8).
8
Let j(k) = 32*k + 22. Suppose -4*g + u = 15, -18*u = -14*u - 12. Let y(b) = -7*b - 4. Let i(x) = g*j(x) - 14*y(x). Give i(13).
16
Let x(n) = 35*n - 12. Let k(t) = -39*t + 16. Let j(l) = -5*k(l) - 6*x(l). Calculate j(8).
-128
Let z(g) be the third derivative of -g**4/24 + 7*g**3/2 - 33*g**2. Let r be z(-4). Suppose 2*c = 19 - r. Let b(i) = -2*i**2 - 3*i + 2. Calculate b(c).
-7
Let m(v) = 21*v - 171. Let p(f) = 11*f - 94. Let j(k) = -5*m(k) + 9*p(k). Give j(-4).
33
Suppose -2*z + 15 = 3*z. Let v(s) = 3*s - 8. Suppose 25*n - 12 = 19*n. Let q(d) = -7*d + 17. Let y(g) = n*q(g) + 5*v(g). Calculate y(z).
-3
Let c(n) be the first derivative of n**3/3 - n**2 + n - 512. Let x(u) = -u**2 - 4*u + 81. Let t be x(-11). What is c(t)?
9
Let q be 6*-1*4/(-12). Let s be 7 - (-6 + 3 - -4). Let m(c) = 2*c**2 + s - 3*c**3 - 7 + 0*c**2. What is m(q)?
-17
Let m(z) = -7*z + 4*z**2 + 6*z + 10*z**3 - 4 - 8*z**3. Determine m(-3).
-19
Let a(s) = -9. Let x(m) = -m - 7. Let w(y) = 3*a(y) - 4*x(y). Let t(b) = -10*b - 15. Let i(j) = -t(j) - 2*w(j). Give i(-9).
-5
Let c(m) = m**2 + 2*m - 52. Let t(y) = -y**2 - 58*y + 394. Let x be t(6). Calculate c(x).
68
Let a(j) = -5*j - 6. Let b be 2/(-7) + (-2430)/70. Let z be 7/b - 114/30. Determine a(z).
14
Let d(u) = u**3 - 3*u**2 - 3*u - 5. Let k be d(4). Let l = 87 + -71. Let t(a) = -8*a**3 - 4*a**3 - a + l*a**3 - 1 + 0. Give t(k).
-4
Let y(z) be the second derivative of -5*z**3/3 + 293*z**2/2 - 10725*z. What is y(32)?
-27
Let d(t) = t**2 + 8*t - 82. Let m be d(-14). Let l(g) be the first derivative of -g**2/2 + g - 2. Give l(m).
-1
Suppose 6 = -3*b + 6*b. Suppose 0 = -2*a - 5*t - 3, 4*a + 0*t - 30 = 2*t. Let s(y) = -4 - 11*y**2 + 7*y + a*y**2 + 0 + 6*y**b. Determine s(-7).
-4
Let w(t) = -7*t + 1. Let a(j) = -9*j**2 + 11*j + 2. Let p(n) = -a(n) - w(n). Determine p(-1).
10
Let p(b) = -80*b**2 + 154*b**2 - 21 - 13*b - 71*b**2. Let h(m) = -5*m**2 + 14*m + 25. Let s(o) = 2*h(o) + 3*p(o). Let i = 21 + -31. Calculate s(i).
-3
Suppose 0 = 4*y + 5 + 3. Let q(a) be the second derivative of a**5/10 + 5*a**4/12 + a**3 + 3*a**2/2 - 324*a - 31. Give q(y).
-5
Let o = 15 - -12. Suppose -10*k - o = 3. Let p(z) = -z + 8 - 14 + 3. Calculate p(k).
0
Let b(n) = -2*n**2 - 303 + 4*n**2 + 291 - 3*n + n**3 - 6*n**2. Let k be ((-22)/33)/((-2)/15). Determine b(k).
-2
Suppose 2*z = 13*m - 15*m + 30, -m = -2*z - 3. Let g(u) = 3*u**2 + 7*u - 7. Let j(k) = k**2 + 4*k - 4. Let p(r) = -2*g(r) + 5*j(r). Give p(z).
2
Let o = 14 - -58. Let m = o - 78. Let b(a) = 2*a + 9. Calculate b(m).
-3
Let w(q) be the third derivative of 0*q - 1/60*q**5 + 1/120*q**6 + 5*q**3 + 13 + 5*q**2 + 1/24*q**4. Give w(0).
30
Let t(z) be the first derivative of -z**4/4 - 17*z**3 - 48*z**2 + 101*z + 498. Give t(-49).
3
Let n(z) = 19*z - 121. Let v(p) = -5*p**2 + 695*p + 7. Let s be v(139). Give n(s).
12
Let r = -30 - -41. Let w be -6*((-55)/30)/r. Let u(l) be the second derivative of -5*l**3/6 - 3*l. Determine u(w).
-5
Let r = -27 - -34. Let g(q) = -7*q**2 - 4*q + 23. Let a(b) = 10*b**2 + 6*b - 34. Let z(c) = r*g(c) + 5*a(c). Let v be z(-4). Let k(p) = -3*p - 1. Give k(v).
2
Suppose -156*l + 151*l + 180 = 0. Let c be (279/l - 10)/(1/4). Let s(f) = 3*f + 13. Give s(c).
-14
Suppose -2*x - 8 = -0. Let o(k) = 5*k - 21*k**3 - 17*k**3 + 59*k**3 - 20*k**3 + 6*k**2 + 2. Give o(x).
14
Suppose -18*z + 127*z = 59*z - 250. Let r(l) be the second derivative of -l**3/6 - 4*l**2 + 15*l. Determine r(z).
-3
Let t(o) be the first derivative of -o**4/4 - 22*o**3/3 + 11*o**2 - 30*o - 550